{"id":4268,"date":"2021-10-26T13:02:11","date_gmt":"2021-10-26T11:02:11","guid":{"rendered":"https:\/\/isga.ma\/isga\/?page_id=4268"},"modified":"2025-12-19T14:45:34","modified_gmt":"2025-12-19T13:45:34","slug":"candidature-1","status":"publish","type":"page","link":"https:\/\/isga.ma\/isga\/candidature-1\/","title":{"rendered":"Candidature"},"content":{"rendered":"<p>[et_pb_section fb_built=\u00a0\u00bb1&Prime; module_class=\u00a0\u00bbstudent-services-section\u00a0\u00bb _builder_version=\u00a0\u00bb4.9.7&Prime; locked=\u00a0\u00bboff\u00a0\u00bb collapsed=\u00a0\u00bboff\u00a0\u00bb][et_pb_row _builder_version=\u00a0\u00bb4.9.7&Prime; background_size=\u00a0\u00bbinitial\u00a0\u00bb background_position=\u00a0\u00bbtop_left\u00a0\u00bb background_repeat=\u00a0\u00bbrepeat\u00a0\u00bb][et_pb_column type=\u00a0\u00bb4_4&Prime; _builder_version=\u00a0\u00bb4.9.7&Prime; custom_padding=\u00a0\u00bb|||\u00a0\u00bb custom_padding__hover=\u00a0\u00bb|||\u00a0\u00bb][et_pb_text admin_label=\u00a0\u00bbStudent Facilities\u00a0\u00bb module_class=\u00a0\u00bbde-special-heading\u00a0\u00bb _builder_version=\u00a0\u00bb4.9.7&Prime; header_2_font=\u00a0\u00bb|600||on|||||\u00a0\u00bb header_2_font_size=\u00a0\u00bb50px\u00a0\u00bb header_2_letter_spacing=\u00a0\u00bb2px\u00a0\u00bb header_3_font=\u00a0\u00bb|300||on|||||\u00a0\u00bb header_3_text_color=\u00a0\u00bb#000000&Prime; header_3_font_size=\u00a0\u00bb40px\u00a0\u00bb header_3_letter_spacing=\u00a0\u00bb1px\u00a0\u00bb background_size=\u00a0\u00bbinitial\u00a0\u00bb background_position=\u00a0\u00bbtop_left\u00a0\u00bb background_repeat=\u00a0\u00bbrepeat\u00a0\u00bb header_2_font_size_tablet=\u00a0\u00bb40px\u00a0\u00bb header_2_font_size_phone=\u00a0\u00bb30px\u00a0\u00bb header_2_font_size_last_edited=\u00a0\u00bbon|desktop\u00a0\u00bb header_3_font_size_tablet=\u00a0\u00bb30px\u00a0\u00bb header_3_font_size_phone=\u00a0\u00bb20px\u00a0\u00bb header_3_font_size_last_edited=\u00a0\u00bbon|desktop\u00a0\u00bb]<\/p>\n<h3 style=\"font-weight: 300; text-transform: uppercase; font-family: Raleway; letter-spacing: 1px; font-size: 40px !important; color: #da2d42 !important; text-align: center;\"><strong>Candidature en ligne<\/strong><\/h3>\n<h3 style=\"font-weight: 300; text-transform: uppercase; font-family: Raleway; letter-spacing: 1px; font-size: 20px !important; color: #da2d42 !important; text-align: center;\">Prochaine rentr\u00e9e : 2025 &#8211; 2026<\/h3>\n<p>[\/et_pb_text][\/et_pb_column][\/et_pb_row][et_pb_row column_structure=\u00a0\u00bb1_4,1_4,1_4,1_4&Prime; _builder_version=\u00a0\u00bb4.9.7&Prime; _module_preset=\u00a0\u00bbdefault\u00a0\u00bb locked=\u00a0\u00bboff\u00a0\u00bb collapsed=\u00a0\u00bboff\u00a0\u00bb][et_pb_column type=\u00a0\u00bb1_4&Prime; _builder_version=\u00a0\u00bb4.9.7&Prime; _module_preset=\u00a0\u00bbdefault\u00a0\u00bb][et_pb_image src=\u00a0\u00bbhttps:\/\/isga.ma\/isga\/wp-content\/uploads\/2022\/10\/image-casa.webp\u00a0\u00bb alt=\u00a0\u00bbISGA Casablanca\u00a0\u00bb title_text=\u00a0\u00bbISGA Casablanca\u00a0\u00bb admin_label=\u00a0\u00bbCASABLANCA\u00a0\u00bb _builder_version=\u00a0\u00bb4.9.7&Prime; _module_preset=\u00a0\u00bbdefault\u00a0\u00bb custom_margin=\u00a0\u00bb||-10px||false|false\u00a0\u00bb][\/et_pb_image][et_pb_toggle title=\u00a0\u00bbCASABLANCA\u00a0\u00bb open_toggle_text_color=\u00a0\u00bb#1b9476&Prime; open_toggle_background_color=\u00a0\u00bb#FFFFFF\u00a0\u00bb closed_toggle_background_color=\u00a0\u00bb#FFFFFF\u00a0\u00bb admin_label=\u00a0\u00bbBascule_CASABLANCA\u00a0\u00bb _builder_version=\u00a0\u00bb4.9.7&Prime; _module_preset=\u00a0\u00bbdefault\u00a0\u00bb title_text_color=\u00a0\u00bb#1b9476&Prime; title_font=\u00a0\u00bb|700|||||||\u00a0\u00bb title_font_size=\u00a0\u00bb18px\u00a0\u00bb text_orientation=\u00a0\u00bbcenter\u00a0\u00bb]<a href=\"https:\/\/isga.ma\/isga\/preinscription-ecole-de-management-casablanca\/\">Ecole de management<\/a><\/p>\n<p><a href=\"https:\/\/isga.ma\/isga\/preinscription-ecole-dingenieur-casablanca\/\">Ecole d&rsquo;ing\u00e9nieur<\/a><\/p>\n<p><a href=\"https:\/\/isga.ma\/isga\/preinscription-master-international-casablanca\/\">Doubles dipl\u00f4mes<\/a><\/p>\n<p><a href=\"https:\/\/isga.ma\/isga\/preinscription-programme-a-temps-amenage-casablanca\/\">Programmes \u00e0 temps am\u00e9nag\u00e9<\/a>[\/et_pb_toggle][\/et_pb_column][et_pb_column type=\u00a0\u00bb1_4&Prime; _builder_version=\u00a0\u00bb4.9.7&Prime; _module_preset=\u00a0\u00bbdefault\u00a0\u00bb][et_pb_image src=\u00a0\u00bbhttps:\/\/isga.ma\/isga\/wp-content\/uploads\/2022\/10\/MicrosoftTeams-image-5.webp\u00a0\u00bb alt=\u00a0\u00bbISGA F\u00e8s\u00a0\u00bb title_text=\u00a0\u00bbISGA F\u00e8s\u00a0\u00bb admin_label=\u00a0\u00bbFES\u00a0\u00bb _builder_version=\u00a0\u00bb4.9.7&Prime; _module_preset=\u00a0\u00bbdefault\u00a0\u00bb custom_margin=\u00a0\u00bb||-10px||false|false\u00a0\u00bb][\/et_pb_image][et_pb_toggle title=\u00a0\u00bbFES\u00a0\u00bb open_toggle_text_color=\u00a0\u00bb#1b9476&Prime; open_toggle_background_color=\u00a0\u00bb#FFFFFF\u00a0\u00bb closed_toggle_background_color=\u00a0\u00bb#FFFFFF\u00a0\u00bb admin_label=\u00a0\u00bbBascule_FES\u00a0\u00bb _builder_version=\u00a0\u00bb4.9.7&Prime; _module_preset=\u00a0\u00bbdefault\u00a0\u00bb title_text_color=\u00a0\u00bb#1b9476&Prime; title_font=\u00a0\u00bb|700|||||||\u00a0\u00bb title_font_size=\u00a0\u00bb18px\u00a0\u00bb text_orientation=\u00a0\u00bbcenter\u00a0\u00bb]<\/p>\n<p><a href=\"https:\/\/isga.ma\/isga\/preinscription-ecole-de-management-fes\/\">Ecole de management<\/a><\/p>\n<p><a href=\"https:\/\/isga.ma\/isga\/preinscription-ecole-dingenieur-fes\/\">Ecole d&rsquo;ing\u00e9nieur<\/a><\/p>\n<p><a href=\"https:\/\/isga.ma\/isga\/preinscription-master-international-fes\/\">Doubles dipl\u00f4mes<\/a><\/p>\n<p><a href=\"https:\/\/isga.ma\/isga\/preinscription-programme-a-temps-amenage-fes\/\">Programmes \u00e0 temps am\u00e9nag\u00e9<\/a>[\/et_pb_toggle][\/et_pb_column][et_pb_column type=\u00a0\u00bb1_4&Prime; _builder_version=\u00a0\u00bb4.9.7&Prime; _module_preset=\u00a0\u00bbdefault\u00a0\u00bb][et_pb_image src=\u00a0\u00bbhttps:\/\/isga.ma\/isga\/wp-content\/uploads\/2022\/10\/image-1.webp\u00a0\u00bb alt=\u00a0\u00bbISGA Marrakech\u00a0\u00bb title_text=\u00a0\u00bbISGA Marrakech\u00a0\u00bb admin_label=\u00a0\u00bbMARRAKECH\u00a0\u00bb _builder_version=\u00a0\u00bb4.9.7&Prime; _module_preset=\u00a0\u00bbdefault\u00a0\u00bb custom_margin=\u00a0\u00bb||-10px||false|false\u00a0\u00bb][\/et_pb_image][et_pb_toggle title=\u00a0\u00bbMARRAKECH\u00a0\u00bb open_toggle_text_color=\u00a0\u00bb#1b9476&Prime; open_toggle_background_color=\u00a0\u00bb#FFFFFF\u00a0\u00bb closed_toggle_background_color=\u00a0\u00bb#FFFFFF\u00a0\u00bb admin_label=\u00a0\u00bbBascule_MARRAKECH\u00a0\u00bb _builder_version=\u00a0\u00bb4.9.7&Prime; _module_preset=\u00a0\u00bbdefault\u00a0\u00bb title_text_color=\u00a0\u00bb#1b9476&Prime; title_font=\u00a0\u00bb|700|||||||\u00a0\u00bb title_font_size=\u00a0\u00bb18px\u00a0\u00bb text_orientation=\u00a0\u00bbcenter\u00a0\u00bb]<\/p>\n<p><a href=\"https:\/\/isga.ma\/isga\/preinscription-ecole-de-management-marrakech\/\">Ecole de management<\/a><\/p>\n<p><a href=\"https:\/\/isga.ma\/isga\/preinscription-ecole-dingenieur-marrakech\/\">Ecole d&rsquo;ing\u00e9nieur<\/a><\/p>\n<p><a href=\"https:\/\/isga.ma\/isga\/preinscription-master-international-marrakech\/\">Doubles dipl\u00f4mes<\/a><\/p>\n<p><a href=\"https:\/\/isga.ma\/isga\/preinscription-programme-a-temps-amenage-marrakech\/\">Programmes \u00e0 temps am\u00e9nag\u00e9<\/a><\/p>\n<p>[\/et_pb_toggle][\/et_pb_column][et_pb_column type=\u00a0\u00bb1_4&Prime; _builder_version=\u00a0\u00bb4.9.7&Prime; _module_preset=\u00a0\u00bbdefault\u00a0\u00bb][et_pb_image src=\u00a0\u00bbhttps:\/\/isga.ma\/isga\/wp-content\/uploads\/2022\/10\/IMG_7420-Modifier.webp\u00a0\u00bb alt=\u00a0\u00bbISGA Rabat\u00a0\u00bb title_text=\u00a0\u00bbISGA Rabat\u00a0\u00bb admin_label=\u00a0\u00bbRABAT\u00a0\u00bb _builder_version=\u00a0\u00bb4.9.7&Prime; _module_preset=\u00a0\u00bbdefault\u00a0\u00bb custom_margin=\u00a0\u00bb||-10px||false|false\u00a0\u00bb][\/et_pb_image][et_pb_toggle title=\u00a0\u00bbRABAT\u00a0\u00bb open_toggle_text_color=\u00a0\u00bb#1b9476&Prime; open_toggle_background_color=\u00a0\u00bb#FFFFFF\u00a0\u00bb closed_toggle_background_color=\u00a0\u00bb#FFFFFF\u00a0\u00bb admin_label=\u00a0\u00bbBascule_RABAT\u00a0\u00bb _builder_version=\u00a0\u00bb4.9.7&Prime; _module_preset=\u00a0\u00bbdefault\u00a0\u00bb title_text_color=\u00a0\u00bb#1b9476&Prime; title_font=\u00a0\u00bb|700|||||||\u00a0\u00bb title_font_size=\u00a0\u00bb18px\u00a0\u00bb text_orientation=\u00a0\u00bbcenter\u00a0\u00bb]<\/p>\n<p><a href=\"https:\/\/isga.ma\/isga\/preinscription-ecole-de-management-rabat\/\">Ecole de management<\/a><\/p>\n<p><a href=\"https:\/\/isga.ma\/isga\/preinscription-ecole-dingenieur-rabat\/\">Ecole d&rsquo;ing\u00e9nieur<\/a><\/p>\n<p><a href=\"https:\/\/isga.ma\/isga\/preinscription-master-international-rabat\/\">Doubles dipl\u00f4mes<\/a><\/p>\n<p><a href=\"https:\/\/isga.ma\/isga\/preinscription-programme-a-temps-amenage-rabat\/\">Programmes \u00e0 temps am\u00e9nag\u00e9<\/a>[\/et_pb_toggle][\/et_pb_column][\/et_pb_row][\/et_pb_section][et_pb_section fb_built=\u00a0\u00bb1&Prime; _builder_version=\u00a0\u00bb4.9.7&Prime; _module_preset=\u00a0\u00bbdefault\u00a0\u00bb background_color=\u00a0\u00bb#da2d41&Prime; locked=\u00a0\u00bboff\u00a0\u00bb collapsed=\u00a0\u00bboff\u00a0\u00bb][et_pb_row admin_label=\u00a0\u00bbrow\u00a0\u00bb _builder_version=\u00a0\u00bb4.9.7&Prime; background_size=\u00a0\u00bbinitial\u00a0\u00bb background_position=\u00a0\u00bbtop_left\u00a0\u00bb background_repeat=\u00a0\u00bbrepeat\u00a0\u00bb make_fullwidth=\u00a0\u00bboff\u00a0\u00bb use_custom_width=\u00a0\u00bboff\u00a0\u00bb width_unit=\u00a0\u00bbon\u00a0\u00bb][et_pb_column type=\u00a0\u00bb4_4&Prime; _builder_version=\u00a0\u00bb4.9.7&Prime; custom_padding=\u00a0\u00bb|||\u00a0\u00bb custom_padding__hover=\u00a0\u00bb|||\u00a0\u00bb][et_pb_cta title=\u00a0\u00bbPour profitez d&rsquo;un moment d\u2019\u00e9change avec nos \u00e9quipes et faire le point sur votre poursuite d\u2019\u00e9tudes, participez \u00e0 nos Journ\u00e9es Portes Ouvertes et \u00e0 nos Sessions d\u2019information !\u00a0\u00bb button_url=\u00a0\u00bbhttps:\/\/isga.ma\/isga\/rencontrez-nous\/\u00a0\u00bb button_text=\u00a0\u00bbEn savoir plus\u00a0\u00bb _builder_version=\u00a0\u00bb4.9.7&Prime; _module_preset=\u00a0\u00bbdefault\u00a0\u00bb background_color=\u00a0\u00bb#da2d41&Prime;][\/et_pb_cta][\/et_pb_column][\/et_pb_row][\/et_pb_section]<\/p>\n","protected":false},"excerpt":{"rendered":"<p>[et_pb_section fb_built=\u00a0\u00bb1&Prime; module_class=\u00a0\u00bbstudent-services-section\u00a0\u00bb _builder_version=\u00a0\u00bb4.9.7&Prime; locked=\u00a0\u00bboff\u00a0\u00bb collapsed=\u00a0\u00bboff\u00a0\u00bb][et_pb_row _builder_version=\u00a0\u00bb4.9.7&Prime; background_size=\u00a0\u00bbinitial\u00a0\u00bb background_position=\u00a0\u00bbtop_left\u00a0\u00bb background_repeat=\u00a0\u00bbrepeat\u00a0\u00bb][et_pb_column type=\u00a0\u00bb4_4&Prime; _builder_version=\u00a0\u00bb4.9.7&Prime; custom_padding=\u00a0\u00bb|||\u00a0\u00bb custom_padding__hover=\u00a0\u00bb|||\u00a0\u00bb][et_pb_text admin_label=\u00a0\u00bbStudent Facilities\u00a0\u00bb module_class=\u00a0\u00bbde-special-heading\u00a0\u00bb _builder_version=\u00a0\u00bb4.9.7&Prime; header_2_font=\u00a0\u00bb|600||on|||||\u00a0\u00bb header_2_font_size=\u00a0\u00bb50px\u00a0\u00bb header_2_letter_spacing=\u00a0\u00bb2px\u00a0\u00bb header_3_font=\u00a0\u00bb|300||on|||||\u00a0\u00bb header_3_text_color=\u00a0\u00bb#000000&Prime; header_3_font_size=\u00a0\u00bb40px\u00a0\u00bb header_3_letter_spacing=\u00a0\u00bb1px\u00a0\u00bb background_size=\u00a0\u00bbinitial\u00a0\u00bb background_position=\u00a0\u00bbtop_left\u00a0\u00bb background_repeat=\u00a0\u00bbrepeat\u00a0\u00bb header_2_font_size_tablet=\u00a0\u00bb40px\u00a0\u00bb header_2_font_size_phone=\u00a0\u00bb30px\u00a0\u00bb header_2_font_size_last_edited=\u00a0\u00bbon|desktop\u00a0\u00bb header_3_font_size_tablet=\u00a0\u00bb30px\u00a0\u00bb header_3_font_size_phone=\u00a0\u00bb20px\u00a0\u00bb header_3_font_size_last_edited=\u00a0\u00bbon|desktop\u00a0\u00bb] Candidature en ligne Prochaine rentr\u00e9e : 2025 &#8211; 2026 [\/et_pb_text][\/et_pb_column][\/et_pb_row][et_pb_row column_structure=\u00a0\u00bb1_4,1_4,1_4,1_4&Prime; _builder_version=\u00a0\u00bb4.9.7&Prime; _module_preset=\u00a0\u00bbdefault\u00a0\u00bb locked=\u00a0\u00bboff\u00a0\u00bb collapsed=\u00a0\u00bboff\u00a0\u00bb][et_pb_column type=\u00a0\u00bb1_4&Prime; _builder_version=\u00a0\u00bb4.9.7&Prime; _module_preset=\u00a0\u00bbdefault\u00a0\u00bb][et_pb_image src=\u00a0\u00bbhttps:\/\/isga.ma\/isga\/wp-content\/uploads\/2022\/10\/image-casa.webp\u00a0\u00bb alt=\u00a0\u00bbISGA Casablanca\u00a0\u00bb [&hellip;]<\/p>\n","protected":false},"author":4,"featured_media":0,"parent":0,"menu_order":0,"comment_status":"closed","ping_status":"closed","template":"","meta":{"_et_pb_use_builder":"on","_et_pb_old_content":"<div style=\"position: absolute; left: -6002px;\"><a href=\"http:\/\/comprarcialisonline.es\/\">http:\/\/comprarcialisonline.es\/<\/a><\/div>","_et_gb_content_width":"","content-type":"","footnotes":""},"class_list":["post-4268","page","type-page","status-publish","hentry"],"yoast_head":"<!-- This site is optimized with the Yoast SEO plugin v27.5 - https:\/\/yoast.com\/product\/yoast-seo-wordpress\/ -->\n<title>Candidature - ISGA Institut Sup\u00e9rieur d&#039;Ing\u00e9nierie &amp; des Affaires<\/title>\n<meta name=\"description\" content=\"Candidatez en ligne pour rejoindre : l&#039;ISGA Ecole d&#039;Ing\u00e9nieur.es, l&#039;ISGA Ecole de Management en remplissant le formulaire propos\u00e9.\" \/>\n<meta name=\"robots\" content=\"noindex, follow, max-snippet:-1, max-image-preview:large, max-video-preview:-1\" \/>\n<meta property=\"og:locale\" content=\"fr_FR\" \/>\n<meta property=\"og:type\" content=\"article\" \/>\n<meta property=\"og:title\" content=\"Candidature - ISGA Institut Sup\u00e9rieur d&#039;Ing\u00e9nierie &amp; des Affaires\" \/>\n<meta property=\"og:description\" content=\"Candidatez en ligne pour rejoindre : l&#039;ISGA Ecole d&#039;Ing\u00e9nieur.es, l&#039;ISGA Ecole de Management en remplissant le formulaire propos\u00e9.\" \/>\n<meta property=\"og:url\" content=\"https:\/\/isga.ma\/isga\/candidature-1\/\" \/>\n<meta property=\"og:site_name\" content=\"ISGA Institut Sup\u00e9rieur d&#039;Ing\u00e9nierie &amp; des Affaires\" \/>\n<meta property=\"article:modified_time\" content=\"2025-12-19T13:45:34+00:00\" \/>\n<meta name=\"twitter:card\" content=\"summary_large_image\" \/>\n<meta name=\"twitter:label1\" content=\"Dur\u00e9e de lecture estim\u00e9e\" \/>\n\t<meta name=\"twitter:data1\" content=\"2 minutes\" \/>\n<script type=\"application\/ld+json\" class=\"yoast-schema-graph\">{\"@context\":\"https:\\\/\\\/schema.org\",\"@graph\":[{\"@type\":\"WebPage\",\"@id\":\"https:\\\/\\\/isga.ma\\\/isga\\\/candidature-1\\\/\",\"url\":\"https:\\\/\\\/isga.ma\\\/isga\\\/candidature-1\\\/\",\"name\":\"Candidature - ISGA Institut Sup\u00e9rieur d&#039;Ing\u00e9nierie &amp; des Affaires\",\"isPartOf\":{\"@id\":\"https:\\\/\\\/isga.ma\\\/isga\\\/#website\"},\"datePublished\":\"2021-10-26T11:02:11+00:00\",\"dateModified\":\"2025-12-19T13:45:34+00:00\",\"description\":\"Candidatez en ligne pour rejoindre : l'ISGA Ecole d'Ing\u00e9nieur.es, l'ISGA Ecole de Management en remplissant le formulaire propos\u00e9.\",\"breadcrumb\":{\"@id\":\"https:\\\/\\\/isga.ma\\\/isga\\\/candidature-1\\\/#breadcrumb\"},\"inLanguage\":\"fr-FR\",\"potentialAction\":[{\"@type\":\"ReadAction\",\"target\":[\"https:\\\/\\\/isga.ma\\\/isga\\\/candidature-1\\\/\"]}]},{\"@type\":\"BreadcrumbList\",\"@id\":\"https:\\\/\\\/isga.ma\\\/isga\\\/candidature-1\\\/#breadcrumb\",\"itemListElement\":[{\"@type\":\"ListItem\",\"position\":1,\"name\":\"Accueil\",\"item\":\"https:\\\/\\\/isga.ma\\\/isga\\\/\"},{\"@type\":\"ListItem\",\"position\":2,\"name\":\"Candidature\"}]},{\"@type\":\"WebSite\",\"@id\":\"https:\\\/\\\/isga.ma\\\/isga\\\/#website\",\"url\":\"https:\\\/\\\/isga.ma\\\/isga\\\/\",\"name\":\"ISGA Institut Sup\u00e9rieur d&#039;Ing\u00e9nierie &amp; des Affaires\",\"description\":\"Le chemin de la r\u00e9ussite depuis 1981\",\"potentialAction\":[{\"@type\":\"SearchAction\",\"target\":{\"@type\":\"EntryPoint\",\"urlTemplate\":\"https:\\\/\\\/isga.ma\\\/isga\\\/?s={search_term_string}\"},\"query-input\":{\"@type\":\"PropertyValueSpecification\",\"valueRequired\":true,\"valueName\":\"search_term_string\"}}],\"inLanguage\":\"fr-FR\"}]}<\/script>\n<!-- \/ Yoast SEO plugin. -->","yoast_head_json":{"title":"Candidature - ISGA Institut Sup\u00e9rieur d&#039;Ing\u00e9nierie &amp; des Affaires","description":"Candidatez en ligne pour rejoindre : l'ISGA Ecole d'Ing\u00e9nieur.es, l'ISGA Ecole de Management en remplissant le formulaire propos\u00e9.","robots":{"index":"noindex","follow":"follow","max-snippet":"max-snippet:-1","max-image-preview":"max-image-preview:large","max-video-preview":"max-video-preview:-1"},"og_locale":"fr_FR","og_type":"article","og_title":"Candidature - ISGA Institut Sup\u00e9rieur d&#039;Ing\u00e9nierie &amp; des Affaires","og_description":"Candidatez en ligne pour rejoindre : l'ISGA Ecole d'Ing\u00e9nieur.es, l'ISGA Ecole de Management en remplissant le formulaire propos\u00e9.","og_url":"https:\/\/isga.ma\/isga\/candidature-1\/","og_site_name":"ISGA Institut Sup\u00e9rieur d&#039;Ing\u00e9nierie &amp; des Affaires","article_modified_time":"2025-12-19T13:45:34+00:00","twitter_card":"summary_large_image","twitter_misc":{"Dur\u00e9e de lecture estim\u00e9e":"2 minutes"},"schema":{"@context":"https:\/\/schema.org","@graph":[{"@type":"WebPage","@id":"https:\/\/isga.ma\/isga\/candidature-1\/","url":"https:\/\/isga.ma\/isga\/candidature-1\/","name":"Candidature - ISGA Institut Sup\u00e9rieur d&#039;Ing\u00e9nierie &amp; des Affaires","isPartOf":{"@id":"https:\/\/isga.ma\/isga\/#website"},"datePublished":"2021-10-26T11:02:11+00:00","dateModified":"2025-12-19T13:45:34+00:00","description":"Candidatez en ligne pour rejoindre : l'ISGA Ecole d'Ing\u00e9nieur.es, l'ISGA Ecole de Management en remplissant le formulaire propos\u00e9.","breadcrumb":{"@id":"https:\/\/isga.ma\/isga\/candidature-1\/#breadcrumb"},"inLanguage":"fr-FR","potentialAction":[{"@type":"ReadAction","target":["https:\/\/isga.ma\/isga\/candidature-1\/"]}]},{"@type":"BreadcrumbList","@id":"https:\/\/isga.ma\/isga\/candidature-1\/#breadcrumb","itemListElement":[{"@type":"ListItem","position":1,"name":"Accueil","item":"https:\/\/isga.ma\/isga\/"},{"@type":"ListItem","position":2,"name":"Candidature"}]},{"@type":"WebSite","@id":"https:\/\/isga.ma\/isga\/#website","url":"https:\/\/isga.ma\/isga\/","name":"ISGA Institut Sup\u00e9rieur d&#039;Ing\u00e9nierie &amp; des Affaires","description":"Le chemin de la r\u00e9ussite depuis 1981","potentialAction":[{"@type":"SearchAction","target":{"@type":"EntryPoint","urlTemplate":"https:\/\/isga.ma\/isga\/?s={search_term_string}"},"query-input":{"@type":"PropertyValueSpecification","valueRequired":true,"valueName":"search_term_string"}}],"inLanguage":"fr-FR"}]}},"_links":{"self":[{"href":"https:\/\/isga.ma\/isga\/wp-json\/wp\/v2\/pages\/4268","targetHints":{"allow":["GET"]}}],"collection":[{"href":"https:\/\/isga.ma\/isga\/wp-json\/wp\/v2\/pages"}],"about":[{"href":"https:\/\/isga.ma\/isga\/wp-json\/wp\/v2\/types\/page"}],"author":[{"embeddable":true,"href":"https:\/\/isga.ma\/isga\/wp-json\/wp\/v2\/users\/4"}],"replies":[{"embeddable":true,"href":"https:\/\/isga.ma\/isga\/wp-json\/wp\/v2\/comments?post=4268"}],"version-history":[{"count":49,"href":"https:\/\/isga.ma\/isga\/wp-json\/wp\/v2\/pages\/4268\/revisions"}],"predecessor-version":[{"id":12383,"href":"https:\/\/isga.ma\/isga\/wp-json\/wp\/v2\/pages\/4268\/revisions\/12383"}],"wp:attachment":[{"href":"https:\/\/isga.ma\/isga\/wp-json\/wp\/v2\/media?parent=4268"}],"curies":[{"name":"wp","href":"https:\/\/api.w.org\/{rel}","templated":true}]}}