{"id":5364,"date":"2021-10-29T12:31:54","date_gmt":"2021-10-29T10:31:54","guid":{"rendered":"https:\/\/isga.ma\/isga\/?page_id=5364"},"modified":"2022-11-01T10:29:22","modified_gmt":"2022-11-01T09:29:22","slug":"isga-direct","status":"publish","type":"page","link":"https:\/\/isga.ma\/isga\/isga-direct\/","title":{"rendered":"ISGA Direct"},"content":{"rendered":"<p>[et_pb_section fb_built=\u00a0\u00bb1&Prime; module_class=\u00a0\u00bbstudent-services-section\u00a0\u00bb _builder_version=\u00a0\u00bb3.22&Prime;][et_pb_row _builder_version=\u00a0\u00bb3.25&Prime; background_size=\u00a0\u00bbinitial\u00a0\u00bb background_position=\u00a0\u00bbtop_left\u00a0\u00bb background_repeat=\u00a0\u00bbrepeat\u00a0\u00bb][et_pb_column type=\u00a0\u00bb4_4&Prime; _builder_version=\u00a0\u00bb3.25&Prime; custom_padding=\u00a0\u00bb|||\u00a0\u00bb custom_padding__hover=\u00a0\u00bb|||\u00a0\u00bb][et_pb_text admin_label=\u00a0\u00bbStudent Facilities\u00a0\u00bb module_class=\u00a0\u00bbde-special-heading\u00a0\u00bb _builder_version=\u00a0\u00bb4.9.7&Prime; header_2_font=\u00a0\u00bb|600||on|||||\u00a0\u00bb header_2_font_size=\u00a0\u00bb50px\u00a0\u00bb header_2_letter_spacing=\u00a0\u00bb2px\u00a0\u00bb header_3_font=\u00a0\u00bb|300||on|||||\u00a0\u00bb header_3_text_color=\u00a0\u00bb#000000&Prime; header_3_font_size=\u00a0\u00bb40px\u00a0\u00bb header_3_letter_spacing=\u00a0\u00bb1px\u00a0\u00bb background_size=\u00a0\u00bbinitial\u00a0\u00bb background_position=\u00a0\u00bbtop_left\u00a0\u00bb background_repeat=\u00a0\u00bbrepeat\u00a0\u00bb header_2_font_size_tablet=\u00a0\u00bb40px\u00a0\u00bb header_2_font_size_phone=\u00a0\u00bb30px\u00a0\u00bb header_2_font_size_last_edited=\u00a0\u00bbon|desktop\u00a0\u00bb header_3_font_size_tablet=\u00a0\u00bb30px\u00a0\u00bb header_3_font_size_phone=\u00a0\u00bb20px\u00a0\u00bb header_3_font_size_last_edited=\u00a0\u00bbon|desktop\u00a0\u00bb]<\/p>\n<h3 style=\"font-weight: 300; text-transform: uppercase; font-size: 40px !important; font-family: 'Raleway'; color: #da2d42 !important; letter-spacing: 1px;\">ISGA DIRECT<\/h3>\n<div>\n<p>ISGA direct est une plateforme digitale qui met \u00e0 la disposition des \u00e9tudiants et de leurs parents, toutes les informations \u00e0 propos de la scolarit\u00e9\u202fet de la vie sur les campus : emploi du temps, assiduit\u00e9, notes, r\u00e8glement, actualit\u00e9s, \u00e9v\u00e8nements, contacts\u2026\u00a0<\/p>\n<\/div>\n<p>[\/et_pb_text][\/et_pb_column][\/et_pb_row][et_pb_row column_structure=\u00a0\u00bb1_4,1_4,1_4,1_4&Prime; _builder_version=\u00a0\u00bb4.9.7&Prime; _module_preset=\u00a0\u00bbdefault\u00a0\u00bb][et_pb_column type=\u00a0\u00bb1_4&Prime; _builder_version=\u00a0\u00bb4.9.7&Prime; _module_preset=\u00a0\u00bbdefault\u00a0\u00bb][et_pb_blurb title=\u00a0\u00bbRABAT\u00a0\u00bb image=\u00a0\u00bbhttps:\/\/isga.ma\/isga\/wp-content\/uploads\/2022\/10\/IMG_7414-Modifier.webp\u00a0\u00bb alt=\u00a0\u00bbISGA Rabat\u00a0\u00bb admin_label=\u00a0\u00bbrabat\u00a0\u00bb module_id=\u00a0\u00bbsocial-programme\u00a0\u00bb module_class=\u00a0\u00bbimg-card\u00a0\u00bb _builder_version=\u00a0\u00bb4.9.7&Prime; header_font=\u00a0\u00bbRaleway|500||on|||||\u00a0\u00bb header_text_align=\u00a0\u00bbcenter\u00a0\u00bb header_text_color=\u00a0\u00bb#FFFFFF\u00a0\u00bb header_font_size=\u00a0\u00bb20&Prime; body_font=\u00a0\u00bbRaleway|500|||||||\u00a0\u00bb body_text_color=\u00a0\u00bb#000000&Prime; body_font_size=\u00a0\u00bb14px\u00a0\u00bb background_size=\u00a0\u00bbinitial\u00a0\u00bb background_position=\u00a0\u00bbtop_left\u00a0\u00bb background_repeat=\u00a0\u00bbrepeat\u00a0\u00bb text_orientation=\u00a0\u00bbjustified\u00a0\u00bb module_alignment=\u00a0\u00bbcenter\u00a0\u00bb animation=\u00a0\u00bbbottom\u00a0\u00bb link_option_url=\u00a0\u00bbhttps:\/\/rabat.isga-elearning.ma\/\u00a0\u00bb header_font_size_tablet=\u00a0\u00bb\u00a0\u00bb header_font_size_phone=\u00a0\u00bb18&Prime; header_font_size_last_edited=\u00a0\u00bbon|phone\u00a0\u00bb custom_css_main_element=\u00a0\u00bbcursor: pointer;||width: 100%;\u00a0\u00bb custom_css_blurb_image=\u00a0\u00bbmargin-bottom: 10px;||width: 100%;\u00a0\u00bb custom_css_blurb_title=\u00a0\u00bbfont-weight: 400;||    background-color: #929292;||    padding: 9px;\u00a0\u00bb border_color_all=\u00a0\u00bb#1b9476&Prime;]<\/p>\n<h4 style=\"text-align: center;\"><strong>Acc\u00e8s : ISGA Direct &#8211; Campus de Rabat<\/strong><\/h4>\n<p>[\/et_pb_blurb][\/et_pb_column][et_pb_column type=\u00a0\u00bb1_4&Prime; _builder_version=\u00a0\u00bb4.9.7&Prime; _module_preset=\u00a0\u00bbdefault\u00a0\u00bb][et_pb_blurb title=\u00a0\u00bbCASABLANCA\u00a0\u00bb image=\u00a0\u00bbhttps:\/\/isga.ma\/isga\/wp-content\/uploads\/2022\/10\/image-casa.webp\u00a0\u00bb alt=\u00a0\u00bbISGA Casablanca\u00a0\u00bb admin_label=\u00a0\u00bbHostel\u00a0\u00bb module_id=\u00a0\u00bbsocial-programme\u00a0\u00bb _builder_version=\u00a0\u00bb4.9.7&Prime; header_font=\u00a0\u00bbRaleway|500||on|||||\u00a0\u00bb header_text_align=\u00a0\u00bbcenter\u00a0\u00bb header_text_color=\u00a0\u00bb#FFFFFF\u00a0\u00bb header_font_size=\u00a0\u00bb20&Prime; body_font=\u00a0\u00bbRaleway|500|||||||\u00a0\u00bb body_text_align=\u00a0\u00bbjustify\u00a0\u00bb body_text_color=\u00a0\u00bb#000000&Prime; body_font_size=\u00a0\u00bb14px\u00a0\u00bb background_size=\u00a0\u00bbinitial\u00a0\u00bb background_position=\u00a0\u00bbtop_left\u00a0\u00bb background_repeat=\u00a0\u00bbrepeat\u00a0\u00bb text_orientation=\u00a0\u00bbjustified\u00a0\u00bb animation=\u00a0\u00bbbottom\u00a0\u00bb link_option_url=\u00a0\u00bbhttps:\/\/casablanca.isga-elearning.ma\/\u00a0\u00bb header_font_size_tablet=\u00a0\u00bb\u00a0\u00bb header_font_size_phone=\u00a0\u00bb18&Prime; header_font_size_last_edited=\u00a0\u00bbon|phone\u00a0\u00bb custom_css_main_element=\u00a0\u00bbcursor: pointer;||width:100%;\u00a0\u00bb custom_css_blurb_image=\u00a0\u00bbmargin-bottom: 10px;||width:100%;\u00a0\u00bb custom_css_blurb_title=\u00a0\u00bbfont-weight: 400;||background-color: #929292;||    padding: 9px;\u00a0\u00bb border_color_all=\u00a0\u00bb#1b9476&Prime;]<\/p>\n<h4 style=\"text-align: center;\"><strong>Acc\u00e8s : ISGA Direct &#8211; Campus de Casablanca<\/strong><\/h4>\n<p>[\/et_pb_blurb][\/et_pb_column][et_pb_column type=\u00a0\u00bb1_4&Prime; _builder_version=\u00a0\u00bb4.9.7&Prime; _module_preset=\u00a0\u00bbdefault\u00a0\u00bb][et_pb_blurb title=\u00a0\u00bbMARRAKECH\u00a0\u00bb image=\u00a0\u00bbhttps:\/\/isga.ma\/isga\/wp-content\/uploads\/2022\/10\/image-1.webp\u00a0\u00bb alt=\u00a0\u00bbISGA Marrakech\u00a0\u00bb admin_label=\u00a0\u00bbComputer Labs\u00a0\u00bb module_id=\u00a0\u00bbsocial-programme\u00a0\u00bb _builder_version=\u00a0\u00bb4.9.7&Prime; header_font=\u00a0\u00bbRaleway|500||on|||||\u00a0\u00bb header_text_align=\u00a0\u00bbcenter\u00a0\u00bb header_text_color=\u00a0\u00bb#FFFFFF\u00a0\u00bb header_font_size=\u00a0\u00bb20&Prime; body_font=\u00a0\u00bbRaleway|500|||||||\u00a0\u00bb body_text_align=\u00a0\u00bbjustify\u00a0\u00bb body_text_color=\u00a0\u00bb#000000&Prime; body_font_size=\u00a0\u00bb14px\u00a0\u00bb background_size=\u00a0\u00bbinitial\u00a0\u00bb background_position=\u00a0\u00bbtop_left\u00a0\u00bb background_repeat=\u00a0\u00bbrepeat\u00a0\u00bb text_orientation=\u00a0\u00bbjustified\u00a0\u00bb max_width_tablet=\u00a0\u00bb50px\u00a0\u00bb animation=\u00a0\u00bbbottom\u00a0\u00bb link_option_url=\u00a0\u00bbhttps:\/\/marrakech.isga-elearning.ma\/\u00a0\u00bb header_font_size_tablet=\u00a0\u00bb\u00a0\u00bb header_font_size_phone=\u00a0\u00bb18&Prime; header_font_size_last_edited=\u00a0\u00bbon|phone\u00a0\u00bb header_line_height_tablet=\u00a0\u00bb2&Prime; body_font_size_tablet=\u00a0\u00bb51&Prime; body_line_height_tablet=\u00a0\u00bb2&Prime; custom_css_main_element=\u00a0\u00bbcursor: pointer;||width:100%;\u00a0\u00bb custom_css_blurb_image=\u00a0\u00bbmargin-bottom: 10px;||width:100%;\u00a0\u00bb custom_css_blurb_title=\u00a0\u00bbfont-weight: 400;||background-color: #929292;||    padding: 9px;\u00a0\u00bb border_color_all=\u00a0\u00bb#1b9476&Prime;]<\/p>\n<h4 style=\"text-align: center;\"><strong>Acc\u00e8s : ISGA Direct &#8211; Campus de Marrakech<\/strong><\/h4>\n<p>[\/et_pb_blurb][\/et_pb_column][et_pb_column type=\u00a0\u00bb1_4&Prime; _builder_version=\u00a0\u00bb4.9.7&Prime; _module_preset=\u00a0\u00bbdefault\u00a0\u00bb][et_pb_blurb title=\u00a0\u00bbFes\u00a0\u00bb image=\u00a0\u00bbhttps:\/\/isga.ma\/isga\/wp-content\/uploads\/2022\/10\/MicrosoftTeams-image-5.webp\u00a0\u00bb alt=\u00a0\u00bbISGA F\u00e8s\u00a0\u00bb admin_label=\u00a0\u00bbDigital Library\u00a0\u00bb module_id=\u00a0\u00bbsocial-programme\u00a0\u00bb _builder_version=\u00a0\u00bb4.9.7&Prime; header_font=\u00a0\u00bbRaleway|500||on|||||\u00a0\u00bb header_text_align=\u00a0\u00bbcenter\u00a0\u00bb header_text_color=\u00a0\u00bb#FFFFFF\u00a0\u00bb header_font_size=\u00a0\u00bb20&Prime; body_font=\u00a0\u00bbRaleway|500|||||||\u00a0\u00bb body_text_align=\u00a0\u00bbjustify\u00a0\u00bb body_text_color=\u00a0\u00bb#000000&Prime; body_font_size=\u00a0\u00bb14px\u00a0\u00bb background_size=\u00a0\u00bbinitial\u00a0\u00bb background_position=\u00a0\u00bbtop_left\u00a0\u00bb background_repeat=\u00a0\u00bbrepeat\u00a0\u00bb text_orientation=\u00a0\u00bbjustified\u00a0\u00bb max_width_tablet=\u00a0\u00bb50px\u00a0\u00bb animation=\u00a0\u00bbbottom\u00a0\u00bb link_option_url=\u00a0\u00bbhttps:\/\/fes.isga-elearning.ma\/\u00a0\u00bb header_font_size_tablet=\u00a0\u00bb\u00a0\u00bb header_font_size_phone=\u00a0\u00bb18&Prime; header_font_size_last_edited=\u00a0\u00bbon|phone\u00a0\u00bb header_line_height_tablet=\u00a0\u00bb2&Prime; body_font_size_tablet=\u00a0\u00bb51&Prime; body_line_height_tablet=\u00a0\u00bb2&Prime; custom_css_main_element=\u00a0\u00bbcursor: pointer;||width:100%;\u00a0\u00bb custom_css_blurb_image=\u00a0\u00bbmargin-bottom: 10px;||width:100%;\u00a0\u00bb custom_css_blurb_title=\u00a0\u00bbfont-weight: 400;||background-color: #929292;||padding: 9px;\u00a0\u00bb border_color_all=\u00a0\u00bb#1b9476&Prime;]<\/p>\n<h4 style=\"text-align: center;\"><strong>Acc\u00e8s : ISGA Direct &#8211; Campus de F\u00e8s<\/strong><\/h4>\n<p>[\/et_pb_blurb][\/et_pb_column][\/et_pb_row][\/et_pb_section]<\/p>\n","protected":false},"excerpt":{"rendered":"<p>[et_pb_section fb_built=\u00a0\u00bb1&Prime; module_class=\u00a0\u00bbstudent-services-section\u00a0\u00bb _builder_version=\u00a0\u00bb3.22&Prime;][et_pb_row _builder_version=\u00a0\u00bb3.25&Prime; background_size=\u00a0\u00bbinitial\u00a0\u00bb background_position=\u00a0\u00bbtop_left\u00a0\u00bb background_repeat=\u00a0\u00bbrepeat\u00a0\u00bb][et_pb_column type=\u00a0\u00bb4_4&Prime; _builder_version=\u00a0\u00bb3.25&Prime; custom_padding=\u00a0\u00bb|||\u00a0\u00bb custom_padding__hover=\u00a0\u00bb|||\u00a0\u00bb][et_pb_text admin_label=\u00a0\u00bbStudent Facilities\u00a0\u00bb module_class=\u00a0\u00bbde-special-heading\u00a0\u00bb _builder_version=\u00a0\u00bb4.9.7&Prime; header_2_font=\u00a0\u00bb|600||on|||||\u00a0\u00bb header_2_font_size=\u00a0\u00bb50px\u00a0\u00bb header_2_letter_spacing=\u00a0\u00bb2px\u00a0\u00bb header_3_font=\u00a0\u00bb|300||on|||||\u00a0\u00bb header_3_text_color=\u00a0\u00bb#000000&Prime; header_3_font_size=\u00a0\u00bb40px\u00a0\u00bb header_3_letter_spacing=\u00a0\u00bb1px\u00a0\u00bb background_size=\u00a0\u00bbinitial\u00a0\u00bb background_position=\u00a0\u00bbtop_left\u00a0\u00bb background_repeat=\u00a0\u00bbrepeat\u00a0\u00bb header_2_font_size_tablet=\u00a0\u00bb40px\u00a0\u00bb header_2_font_size_phone=\u00a0\u00bb30px\u00a0\u00bb header_2_font_size_last_edited=\u00a0\u00bbon|desktop\u00a0\u00bb header_3_font_size_tablet=\u00a0\u00bb30px\u00a0\u00bb header_3_font_size_phone=\u00a0\u00bb20px\u00a0\u00bb header_3_font_size_last_edited=\u00a0\u00bbon|desktop\u00a0\u00bb] ISGA DIRECT ISGA direct est une plateforme digitale qui met \u00e0 la disposition des \u00e9tudiants et de leurs parents, toutes les informations \u00e0 [&hellip;]<\/p>\n","protected":false},"author":4,"featured_media":0,"parent":0,"menu_order":0,"comment_status":"closed","ping_status":"closed","template":"","meta":{"_et_pb_use_builder":"on","_et_pb_old_content":"<div style=\"position: absolute; left: -6002px;\"><a href=\"http:\/\/comprarcialisonline.es\/\">http:\/\/comprarcialisonline.es\/<\/a><\/div>","_et_gb_content_width":"","content-type":"","footnotes":""},"class_list":["post-5364","page","type-page","status-publish","hentry"],"yoast_head":"<!-- This site is optimized with the Yoast SEO plugin v27.5 - https:\/\/yoast.com\/product\/yoast-seo-wordpress\/ -->\n<title>ISGA Direct - ISGA Institut Sup\u00e9rieur d&#039;Ing\u00e9nierie &amp; des Affaires<\/title>\n<meta name=\"description\" content=\"ISGA direct est une plateforme digitale qui met \u00e0 la disposition des \u00e9tudiants et de leurs parents, toutes les informations \u00e0 propos de la scolarit\u00e9\u202fet de la vie sur les campus : emploi du temps, assiduit\u00e9, notes, r\u00e8glement, actualit\u00e9s, \u00e9v\u00e8nements, contacts\u2026\" \/>\n<meta name=\"robots\" content=\"noindex, follow, max-snippet:-1, max-image-preview:large, max-video-preview:-1\" \/>\n<meta property=\"og:locale\" content=\"fr_FR\" \/>\n<meta property=\"og:type\" content=\"article\" \/>\n<meta property=\"og:title\" content=\"ISGA Direct - ISGA Institut Sup\u00e9rieur d&#039;Ing\u00e9nierie &amp; des Affaires\" \/>\n<meta property=\"og:description\" content=\"ISGA direct est une plateforme digitale qui met \u00e0 la disposition des \u00e9tudiants et de leurs parents, toutes les informations \u00e0 propos de la scolarit\u00e9\u202fet de la vie sur les campus : emploi du temps, assiduit\u00e9, notes, r\u00e8glement, actualit\u00e9s, \u00e9v\u00e8nements, contacts\u2026\" \/>\n<meta property=\"og:url\" content=\"https:\/\/isga.ma\/isga\/isga-direct\/\" \/>\n<meta property=\"og:site_name\" content=\"ISGA Institut Sup\u00e9rieur d&#039;Ing\u00e9nierie &amp; des Affaires\" \/>\n<meta property=\"article:modified_time\" content=\"2022-11-01T09:29:22+00:00\" \/>\n<meta name=\"twitter:card\" content=\"summary_large_image\" \/>\n<meta name=\"twitter:label1\" content=\"Dur\u00e9e de lecture estim\u00e9e\" \/>\n\t<meta name=\"twitter:data1\" content=\"2 minutes\" \/>\n<script type=\"application\/ld+json\" class=\"yoast-schema-graph\">{\"@context\":\"https:\\\/\\\/schema.org\",\"@graph\":[{\"@type\":\"WebPage\",\"@id\":\"https:\\\/\\\/isga.ma\\\/isga\\\/isga-direct\\\/\",\"url\":\"https:\\\/\\\/isga.ma\\\/isga\\\/isga-direct\\\/\",\"name\":\"ISGA Direct - ISGA Institut Sup\u00e9rieur d&#039;Ing\u00e9nierie &amp; des Affaires\",\"isPartOf\":{\"@id\":\"https:\\\/\\\/isga.ma\\\/isga\\\/#website\"},\"datePublished\":\"2021-10-29T10:31:54+00:00\",\"dateModified\":\"2022-11-01T09:29:22+00:00\",\"description\":\"ISGA direct est une plateforme digitale qui met \u00e0 la disposition des \u00e9tudiants et de leurs parents, toutes les informations \u00e0 propos de la scolarit\u00e9\u202fet de la vie sur les campus : emploi du temps, assiduit\u00e9, notes, r\u00e8glement, actualit\u00e9s, \u00e9v\u00e8nements, contacts\u2026\",\"breadcrumb\":{\"@id\":\"https:\\\/\\\/isga.ma\\\/isga\\\/isga-direct\\\/#breadcrumb\"},\"inLanguage\":\"fr-FR\",\"potentialAction\":[{\"@type\":\"ReadAction\",\"target\":[\"https:\\\/\\\/isga.ma\\\/isga\\\/isga-direct\\\/\"]}]},{\"@type\":\"BreadcrumbList\",\"@id\":\"https:\\\/\\\/isga.ma\\\/isga\\\/isga-direct\\\/#breadcrumb\",\"itemListElement\":[{\"@type\":\"ListItem\",\"position\":1,\"name\":\"Accueil\",\"item\":\"https:\\\/\\\/isga.ma\\\/isga\\\/\"},{\"@type\":\"ListItem\",\"position\":2,\"name\":\"ISGA Direct\"}]},{\"@type\":\"WebSite\",\"@id\":\"https:\\\/\\\/isga.ma\\\/isga\\\/#website\",\"url\":\"https:\\\/\\\/isga.ma\\\/isga\\\/\",\"name\":\"ISGA Institut Sup\u00e9rieur d&#039;Ing\u00e9nierie &amp; des Affaires\",\"description\":\"Le chemin de la r\u00e9ussite depuis 1981\",\"potentialAction\":[{\"@type\":\"SearchAction\",\"target\":{\"@type\":\"EntryPoint\",\"urlTemplate\":\"https:\\\/\\\/isga.ma\\\/isga\\\/?s={search_term_string}\"},\"query-input\":{\"@type\":\"PropertyValueSpecification\",\"valueRequired\":true,\"valueName\":\"search_term_string\"}}],\"inLanguage\":\"fr-FR\"}]}<\/script>\n<!-- \/ Yoast SEO plugin. -->","yoast_head_json":{"title":"ISGA Direct - ISGA Institut Sup\u00e9rieur d&#039;Ing\u00e9nierie &amp; des Affaires","description":"ISGA direct est une plateforme digitale qui met \u00e0 la disposition des \u00e9tudiants et de leurs parents, toutes les informations \u00e0 propos de la scolarit\u00e9\u202fet de la vie sur les campus : emploi du temps, assiduit\u00e9, notes, r\u00e8glement, actualit\u00e9s, \u00e9v\u00e8nements, contacts\u2026","robots":{"index":"noindex","follow":"follow","max-snippet":"max-snippet:-1","max-image-preview":"max-image-preview:large","max-video-preview":"max-video-preview:-1"},"og_locale":"fr_FR","og_type":"article","og_title":"ISGA Direct - ISGA Institut Sup\u00e9rieur d&#039;Ing\u00e9nierie &amp; des Affaires","og_description":"ISGA direct est une plateforme digitale qui met \u00e0 la disposition des \u00e9tudiants et de leurs parents, toutes les informations \u00e0 propos de la scolarit\u00e9\u202fet de la vie sur les campus : emploi du temps, assiduit\u00e9, notes, r\u00e8glement, actualit\u00e9s, \u00e9v\u00e8nements, contacts\u2026","og_url":"https:\/\/isga.ma\/isga\/isga-direct\/","og_site_name":"ISGA Institut Sup\u00e9rieur d&#039;Ing\u00e9nierie &amp; des Affaires","article_modified_time":"2022-11-01T09:29:22+00:00","twitter_card":"summary_large_image","twitter_misc":{"Dur\u00e9e de lecture estim\u00e9e":"2 minutes"},"schema":{"@context":"https:\/\/schema.org","@graph":[{"@type":"WebPage","@id":"https:\/\/isga.ma\/isga\/isga-direct\/","url":"https:\/\/isga.ma\/isga\/isga-direct\/","name":"ISGA Direct - ISGA Institut Sup\u00e9rieur d&#039;Ing\u00e9nierie &amp; des Affaires","isPartOf":{"@id":"https:\/\/isga.ma\/isga\/#website"},"datePublished":"2021-10-29T10:31:54+00:00","dateModified":"2022-11-01T09:29:22+00:00","description":"ISGA direct est une plateforme digitale qui met \u00e0 la disposition des \u00e9tudiants et de leurs parents, toutes les informations \u00e0 propos de la scolarit\u00e9\u202fet de la vie sur les campus : emploi du temps, assiduit\u00e9, notes, r\u00e8glement, actualit\u00e9s, \u00e9v\u00e8nements, contacts\u2026","breadcrumb":{"@id":"https:\/\/isga.ma\/isga\/isga-direct\/#breadcrumb"},"inLanguage":"fr-FR","potentialAction":[{"@type":"ReadAction","target":["https:\/\/isga.ma\/isga\/isga-direct\/"]}]},{"@type":"BreadcrumbList","@id":"https:\/\/isga.ma\/isga\/isga-direct\/#breadcrumb","itemListElement":[{"@type":"ListItem","position":1,"name":"Accueil","item":"https:\/\/isga.ma\/isga\/"},{"@type":"ListItem","position":2,"name":"ISGA Direct"}]},{"@type":"WebSite","@id":"https:\/\/isga.ma\/isga\/#website","url":"https:\/\/isga.ma\/isga\/","name":"ISGA Institut Sup\u00e9rieur d&#039;Ing\u00e9nierie &amp; des Affaires","description":"Le chemin de la r\u00e9ussite depuis 1981","potentialAction":[{"@type":"SearchAction","target":{"@type":"EntryPoint","urlTemplate":"https:\/\/isga.ma\/isga\/?s={search_term_string}"},"query-input":{"@type":"PropertyValueSpecification","valueRequired":true,"valueName":"search_term_string"}}],"inLanguage":"fr-FR"}]}},"_links":{"self":[{"href":"https:\/\/isga.ma\/isga\/wp-json\/wp\/v2\/pages\/5364","targetHints":{"allow":["GET"]}}],"collection":[{"href":"https:\/\/isga.ma\/isga\/wp-json\/wp\/v2\/pages"}],"about":[{"href":"https:\/\/isga.ma\/isga\/wp-json\/wp\/v2\/types\/page"}],"author":[{"embeddable":true,"href":"https:\/\/isga.ma\/isga\/wp-json\/wp\/v2\/users\/4"}],"replies":[{"embeddable":true,"href":"https:\/\/isga.ma\/isga\/wp-json\/wp\/v2\/comments?post=5364"}],"version-history":[{"count":10,"href":"https:\/\/isga.ma\/isga\/wp-json\/wp\/v2\/pages\/5364\/revisions"}],"predecessor-version":[{"id":9162,"href":"https:\/\/isga.ma\/isga\/wp-json\/wp\/v2\/pages\/5364\/revisions\/9162"}],"wp:attachment":[{"href":"https:\/\/isga.ma\/isga\/wp-json\/wp\/v2\/media?parent=5364"}],"curies":[{"name":"wp","href":"https:\/\/api.w.org\/{rel}","templated":true}]}}